[INFO] cloning repository https://github.com/lsmacedo/equacoes_diofantinas
[INFO] running `Command { std: "git" "-c" "credential.helper=" "-c" "credential.helper=/workspace/cargo-home/bin/git-credential-null" "clone" "--bare" "https://github.com/lsmacedo/equacoes_diofantinas" "/workspace/cache/git-repos/https%3A%2F%2Fgithub.com%2Flsmacedo%2Fequacoes_diofantinas", kill_on_drop: false }`
[INFO] [stderr] Cloning into bare repository '/workspace/cache/git-repos/https%3A%2F%2Fgithub.com%2Flsmacedo%2Fequacoes_diofantinas'...
[INFO] running `Command { std: "git" "rev-parse" "HEAD", kill_on_drop: false }`
[INFO] [stdout] d02e5af057098dc78e3fca777715861bf5ee1738
[INFO] checking lsmacedo/equacoes_diofantinas against master#cfbc6d4cf1acbac5c025acf8ed68929caa551df3 for pr-75494-beta
[INFO] running `Command { std: "git" "clone" "/workspace/cache/git-repos/https%3A%2F%2Fgithub.com%2Flsmacedo%2Fequacoes_diofantinas" "/workspace/builds/worker-6/source", kill_on_drop: false }`
[INFO] [stderr] Cloning into '/workspace/builds/worker-6/source'...
[INFO] [stderr] done.
[INFO] validating manifest of git repo https://github.com/lsmacedo/equacoes_diofantinas on toolchain cfbc6d4cf1acbac5c025acf8ed68929caa551df3
[INFO] running `Command { std: "/workspace/cargo-home/bin/cargo" "+cfbc6d4cf1acbac5c025acf8ed68929caa551df3" "read-manifest" "--manifest-path" "Cargo.toml", kill_on_drop: false }`
[INFO] started tweaking git repo https://github.com/lsmacedo/equacoes_diofantinas
[INFO] finished tweaking git repo https://github.com/lsmacedo/equacoes_diofantinas
[INFO] tweaked toml for git repo https://github.com/lsmacedo/equacoes_diofantinas written to /workspace/builds/worker-6/source/Cargo.toml
[INFO] crate git repo https://github.com/lsmacedo/equacoes_diofantinas already has a lockfile, it will not be regenerated
[INFO] running `Command { std: "/workspace/cargo-home/bin/cargo" "+cfbc6d4cf1acbac5c025acf8ed68929caa551df3" "fetch" "--locked" "--manifest-path" "Cargo.toml", kill_on_drop: false }`
[INFO] [stderr]  Downloading crates ...
[INFO] [stderr]   Downloaded cmp v0.0.0
[INFO] running `Command { std: "docker" "create" "-v" "/var/lib/crater-agent-workspace/builds/worker-6/target:/opt/rustwide/target:rw,Z" "-v" "/var/lib/crater-agent-workspace/builds/worker-6/source:/opt/rustwide/workdir:ro,Z" "-v" "/var/lib/crater-agent-workspace/cargo-home:/opt/rustwide/cargo-home:ro,Z" "-v" "/var/lib/crater-agent-workspace/rustup-home:/opt/rustwide/rustup-home:ro,Z" "-e" "SOURCE_DIR=/opt/rustwide/workdir" "-e" "CARGO_TARGET_DIR=/opt/rustwide/target" "-e" "CARGO_HOME=/opt/rustwide/cargo-home" "-e" "RUSTUP_HOME=/opt/rustwide/rustup-home" "-w" "/opt/rustwide/workdir" "-m" "1610612736" "--user" "0:0" "--network" "none" "rustops/crates-build-env@sha256:a636fd89d022f18117e1dc8fb37a0a009933cdbbe082814857f0e2024962d47c" "/opt/rustwide/cargo-home/bin/cargo" "+cfbc6d4cf1acbac5c025acf8ed68929caa551df3" "metadata" "--no-deps" "--format-version=1", kill_on_drop: false }`
[INFO] [stdout] 0f3aa7b9b22f3b5a018a045fe0c244628676bcab1603c7b1637843d1dec95b02
[INFO] [stderr] WARNING: Your kernel does not support swap limit capabilities or the cgroup is not mounted. Memory limited without swap.
[INFO] running `Command { std: "docker" "start" "-a" "0f3aa7b9b22f3b5a018a045fe0c244628676bcab1603c7b1637843d1dec95b02", kill_on_drop: false }`
[INFO] running `Command { std: "docker" "inspect" "0f3aa7b9b22f3b5a018a045fe0c244628676bcab1603c7b1637843d1dec95b02", kill_on_drop: false }`
[INFO] running `Command { std: "docker" "rm" "-f" "0f3aa7b9b22f3b5a018a045fe0c244628676bcab1603c7b1637843d1dec95b02", kill_on_drop: false }`
[INFO] [stdout] 0f3aa7b9b22f3b5a018a045fe0c244628676bcab1603c7b1637843d1dec95b02
[INFO] running `Command { std: "docker" "create" "-v" "/var/lib/crater-agent-workspace/builds/worker-6/target:/opt/rustwide/target:rw,Z" "-v" "/var/lib/crater-agent-workspace/builds/worker-6/source:/opt/rustwide/workdir:ro,Z" "-v" "/var/lib/crater-agent-workspace/cargo-home:/opt/rustwide/cargo-home:ro,Z" "-v" "/var/lib/crater-agent-workspace/rustup-home:/opt/rustwide/rustup-home:ro,Z" "-e" "SOURCE_DIR=/opt/rustwide/workdir" "-e" "CARGO_TARGET_DIR=/opt/rustwide/target" "-e" "CARGO_INCREMENTAL=0" "-e" "RUST_BACKTRACE=full" "-e" "RUSTFLAGS=--cap-lints=forbid" "-e" "CARGO_HOME=/opt/rustwide/cargo-home" "-e" "RUSTUP_HOME=/opt/rustwide/rustup-home" "-w" "/opt/rustwide/workdir" "-m" "1610612736" "--user" "0:0" "--network" "none" "rustops/crates-build-env@sha256:a636fd89d022f18117e1dc8fb37a0a009933cdbbe082814857f0e2024962d47c" "/opt/rustwide/cargo-home/bin/cargo" "+cfbc6d4cf1acbac5c025acf8ed68929caa551df3" "check" "--frozen" "--all" "--all-targets" "--message-format=json", kill_on_drop: false }`
[INFO] [stdout] fd978402d5adbdcc0b94ca97c6a695abc300c1f2af91744cc220fd75d2cad0e8
[INFO] [stderr] WARNING: Your kernel does not support swap limit capabilities or the cgroup is not mounted. Memory limited without swap.
[INFO] running `Command { std: "docker" "start" "-a" "fd978402d5adbdcc0b94ca97c6a695abc300c1f2af91744cc220fd75d2cad0e8", kill_on_drop: false }`
[INFO] [stderr]     Blocking waiting for file lock on package cache
[INFO] [stderr]    Compiling num-complex v0.2.1
[INFO] [stderr]    Compiling num-rational v0.2.1
[INFO] [stderr]     Checking cmp v0.0.0
[INFO] [stderr]    Compiling num-traits v0.2.8
[INFO] [stderr]    Compiling num-integer v0.1.41
[INFO] [stderr]    Compiling num-iter v0.1.39
[INFO] [stderr]     Checking num-bigint v0.2.2
[INFO] [stderr]     Checking num v0.2.0
[INFO] [stderr]     Checking equacoes_diofantinas v0.1.0 (/opt/rustwide/workdir)
[INFO] [stdout] error[E0583]: file not found for module `testes`
[INFO] [stdout]  --> src/main.rs:2:1
[INFO] [stdout]   |
[INFO] [stdout] 2 | mod testes;
[INFO] [stdout]   | ^^^^^^^^^^^
[INFO] [stdout]   |
[INFO] [stdout]   = help: to create the module `testes`, create file "src/testes.rs"
[INFO] [stdout] 
[INFO] [stdout] 
[INFO] [stdout] error[E0583]: file not found for module `testes`
[INFO] [stdout]  --> src/main.rs:2:1
[INFO] [stdout]   |
[INFO] [stdout] 2 | mod testes;
[INFO] [stdout]   | ^^^^^^^^^^^
[INFO] [stdout]   |
[INFO] [stdout]   = help: to create the module `testes`, create file "src/testes.rs"
[INFO] [stdout] 
[INFO] [stdout] 
[INFO] [stdout] error[E0432]: unresolved import `testes::rodar_testes`
[INFO] [stdout]  --> src/main.rs:6:5
[INFO] [stdout]   |
[INFO] [stdout] 6 | use testes::rodar_testes;
[INFO] [stdout]   |     ^^^^^^^^^^^^^^^^^^^^ no `rodar_testes` in `testes`
[INFO] [stdout] 
[INFO] [stdout] 
[INFO] [stdout] error[E0432]: unresolved import `testes::rodar_testes`
[INFO] [stdout]  --> src/main.rs:6:5
[INFO] [stdout]   |
[INFO] [stdout] 6 | use testes::rodar_testes;
[INFO] [stdout]   |     ^^^^^^^^^^^^^^^^^^^^ no `rodar_testes` in `testes`
[INFO] [stdout] 
[INFO] [stdout] 
[INFO] [stdout] error: aborting due to 2 previous errors
[INFO] [stdout] 
[INFO] [stdout] 
[INFO] [stdout] Some errors have detailed explanations: E0432, E0583.
[INFO] [stdout] 
[INFO] [stdout] For more information about an error, try `rustc --explain E0432`.
[INFO] [stdout] 
[INFO] [stderr] error: could not compile `equacoes_diofantinas`.
[INFO] [stderr] 
[INFO] [stderr] To learn more, run the command again with --verbose.
[INFO] [stderr] warning: build failed, waiting for other jobs to finish...
[INFO] [stdout] error: aborting due to 2 previous errors
[INFO] [stdout] 
[INFO] [stdout] 
[INFO] [stdout] Some errors have detailed explanations: E0432, E0583.
[INFO] [stdout] 
[INFO] [stdout] For more information about an error, try `rustc --explain E0432`.
[INFO] [stdout] 
[INFO] [stderr] error: build failed
[INFO] running `Command { std: "docker" "inspect" "fd978402d5adbdcc0b94ca97c6a695abc300c1f2af91744cc220fd75d2cad0e8", kill_on_drop: false }`
[INFO] running `Command { std: "docker" "rm" "-f" "fd978402d5adbdcc0b94ca97c6a695abc300c1f2af91744cc220fd75d2cad0e8", kill_on_drop: false }`
[INFO] [stdout] fd978402d5adbdcc0b94ca97c6a695abc300c1f2af91744cc220fd75d2cad0e8
